20 = -5*k. What is the units digit of s?
0
Let f(u) = 601*u - 41. What is the thousands digit of f(9)?
5
Suppose -4*i + 12 = -k + 3, 0 = -3*k + 9. Suppose -74 = -i*u - 68. What is the hundreds digit of 15/u*(-1836)/(-85)?
1
Suppose -302*r + 603945 = -257*r. What is the tens digit of r?
2
Suppose -20*l + 70 = -6*l. Suppose -2250 = -5*b - l*b. What is the units digit of b?
5
Let l = 24523 - 19535. What is the tens digit of l?
8
What is the units digit of (-253176)/(-147)*(-63)/(-9)?
6
Let g(z) = -393*z + 1275. What is the units digit of g(-10)?
5
Let o = 4494 - 2229. Suppose -2*d = 6*k - 5*k - 2235, o = 2*d - 5*k. What is the units digit of d?
0
Let n = 15270 + 5024. What is the tens digit of n?
9
Let y be (-18)/(-8) + ((-816183)/36)/(-37). Suppose 0 = -3*p + 5*b + 1281, 638 = p + 2*b + 200. Let o = y - p. What is the tens digit of o?
8
Let t(z) = -2*z**2 - 2*z + 3. Let k be t(-2). Let j be k/((-1)/(-3)) + 6/2. Let q(f) = f**3 + f**2 - f + 122. What is the tens digit of q(j)?
2
Let b = 402 - 380. Suppose -3*s + b*s = 5396. What is the tens digit of s?
8
Let p(y) = -45*y + 1. Let d be p(-4). Let g = d - 101. Let x = 139 - g. What is the units digit of x?
9
Suppose -58 = -2*n - 2*n + 5*z, 5*z = -5*n + 50. Let o(x) = -1 + x**3 - 16 + x**3 - x**3 - 9*x - 11*x**2. What is the tens digit of o(n)?
1
What is the hundreds digit of (87024/70)/((-243)/(-60) + -4)?
8
Suppose -1350 = 1634*p - 1559*p. Let r(k) = k**3 - k**2 - 2*k. Let a be r(-2). What is the hundreds digit of -10*(p + a/(-2))?
1
Let l(v) = 971*v**3 - v**2 + v. Let n be l(1). Let u = n - 471. What is the hundreds digit of u?
5
Suppose 17*d - 8*d = 0. Suppose d = -19*c + 50*c - 31403. What is the tens digit of c?
1
Let o(l) = -l**2 + 2*l + 3. Let n be o(3). Suppose 399 = -n*k + k. Suppose -2*s + 56 = -3*i - 209, -3*i = -3*s + k. What is the hundreds digit of s?
1
Let c = 18 + -16. Suppose -2*g - 7 = -o, c*o + g + 4 + 2 = 0. Let u(q) = -10*q + 2. What is the tens digit of u(o)?
1
Let j be ((-253)/(-22))/(1/(-4)). Let o = 51 + j. What is the units digit of o?
5
Let d(g) = g**3 - 2*g**2 + 15*g + 85. What is the thousands digit of d(15)?
3
Let g(o) = -149*o + 13. Let h be (-10 + -5)/(-5)*-2. What is the hundreds digit of g(h)?
9
Let h = 18038 + -16001. What is the units digit of h?
7
Suppose 0 = 33*d - 87492 - 401502. What is the thousands digit of d?
4
Suppose 0 = 18*m - 67127 + 24953. What is the tens digit of m?
4
Let u(d) = -14*d - 15. Let o be u(-2). Let m(p) = 46*p - 132. What is the hundreds digit of m(o)?
4
What is the thousands digit of -3 + 2 + -19 + 16 - -4926?
4
Suppose r - 5*d - 12277 = 0, -13*r - 8*r + 5*d = -258517. What is the tens digit of r?
1
Suppose -4*y + 5*u = -6*y + 5437, 0 = -9*y + 3*u + 24492. What is the thousands digit of y?
2
Suppose -14*r + 144*r = -19*r + 5675261. What is the tens digit of r?
8
Let t = -4538 - -21060. What is the tens digit of t?
2
Let o(l) = -15*l**2 - 2*l + 2. Let b be o(-1). What is the tens digit of (-2)/b + (-4005)/(-55)?
7
Let r(n) = -n**2 - 11*n + 108. Let k be r(12). Let c = 498 + k. What is the units digit of c?
0
What is the hundreds digit of 2/((-2 - (-2770)/692) + -2)?
6
Suppose -8*g + 10204 = -9964. Suppose -4*j + o + 1514 = -j, -g = -5*j + 4*o. What is the units digit of j?
5
Suppose 0 = -2*x + p + 133, 4*x = 5*x - 2*p - 65. Suppose x = -i + 68. What is the hundreds digit of 1 - (-281 - i*2/2)?
2
Suppose -2*j = -4*a + 14574, -155*j + 156*j = -3*a + 10933. What is the thousands digit of a?
3
Let g(c) = 16*c**2 + 12*c + 156. What is the units digit of g(-8)?
4
Suppose 203897 + 9005 - 38815 = 29*v. What is the thousands digit of v?
6
What is the tens digit of 3 + (7378 - -1) - (-171)/57?
8
What is the hundreds digit of ((-88336)/(-18))/((-5)/(-30))*660/440?
1
Suppose 1154206 = 1945*f - 1902*f. What is the hundreds digit of f?
8
Let f be 19 + 1 + 0 + 0. Suppose 55*z + 57 = 73*z + 3. Suppose -z*a = f - 272. What is the tens digit of a?
8
Suppose 5*z - 161218 = 3*g, -11*z + 4*g = -6*z - 161209. What is the units digit of z?
9
Let w = -54585 - -104856. What is the ten thousands digit of w?
5
Let s(c) = -c**3 - 2*c**2 + 2*c - 20. Let j be s(0). Let o be (-66)/(-24) - (-15)/j. Suppose 0*b = -2*b, 0 = -o*h - b + 494. What is the tens digit of h?
4
Let j be 226/10 - (-5)/((-25)/3). Suppose 3156 = j*u - 7338. What is the tens digit of u?
7
Let y(q) = -55*q**2 - 4*q - 10. Let l(g) = 54*g**2 + 4*g + 9. Let h(v) = 4*l(v) + 3*y(v). What is the hundreds digit of h(-2)?
2
Let p be (-698)/(-4*8/(-160)). What is the hundreds digit of ((-4)/(32/4))/(5/p)?
3
What is the units digit of (-30 - -10 - -30) + 25994?
4
What is the thousands digit of (71 + -68)/(3*3/7275)?
2
Suppose -d + 90 = -3*o + 1247, -5*o + 2*d + 1928 = 0. Let y = o - 46. What is the tens digit of y?
4
Suppose 35070 = 184*t - 158*t - 223552. What is the tens digit of t?
4
Let m = -31 + 31. Suppose m = -5*f + 30*f - 6775. What is the units digit of f?
1
Let n be 1/2 + -12 + 3564/24. Suppose n*c - 139*c + 2376 = 0. What is the units digit of c?
8
Let c(k) = -k**3 + 8*k**2 - 9*k - 4. Let n be c(2). Suppose -20*p = -n*p - 4302. What is the units digit of p?
9
Suppose -3616*n + 494802 = -3583*n. What is the hundreds digit of n?
9
Let p be (-5)/(-20) - (-38)/8. Suppose -p*i - 9 = -4*i. Let r(f) = f**3 + 10*f**2 - 2*f - 1. What is the tens digit of r(i)?
9
Suppose 2376223 - 8871599 = -61*i - 252*i. What is the thousands digit of i?
0
Suppose -287*m = -6077177 + 1145082. What is the thousands digit of m?
7
Let o(n) be the first derivative of -n**4/4 - 7*n**3/3 - 17*n**2/2 - 45*n + 55. What is the units digit of o(-10)?
5
Suppose -3*a - 79416 = -11*a - a. What is the tens digit of a?
2
Suppose -66*q + 118*q - 74*q = -115940. What is the hundreds digit of q?
2
Suppose 77877 = -622*h + 631*h. What is the hundreds digit of h?
6
Let p = -2 - 2. Let s(g) = -43*g**2 - 5*g + 30. Let q(t) = 11*t**2 + 2*t - 7. Let a(j) = 9*q(j) + 2*s(j). What is the units digit of a(p)?
3
Let v(u) = -2552*u + 416. What is the tens digit of v(-11)?
8
Let y be (-3)/(-2 - -1) - 6/(-1). Let c(a) = 37*a + 27. What is the units digit of c(y)?
0
Let c(v) = v - 5. Let x(w) = 7*w + 27. Let a be x(-4). Let l be c(a). What is the tens digit of (-2)/l - (-4)/12*215?
7
Let p(m) = 21*m**3 + 21*m**2 - 115*m + 61. What is the thousands digit of p(7)?
7
Suppose 0*c = -3*c - 26*c + 349276. What is the thousands digit of c?
2
Let u(y) = -191*y - 5790. What is the thousands digit of u(-119)?
6
Suppose -3*t = 5*m - 5444, 5*m + t - 4358 = m. What is the hundreds digit of m?
0
Let y = -1996 + 494. Let w = -1066 - y. What is the units digit of w?
6
Let d = -8237 + 14737. What is the tens digit of d?
0
Let v(b) = -2*b**3 + 25*b**2 + 9*b + 26. Let m(k) = -3*k**3 + 27*k**2 + 8*k + 28. Let y(u) = 4*m(u) - 5*v(u). What is the hundreds digit of y(-9)?
1
Let i(k) = -4209*k - 2677. What is the thousands digit of i(-8)?
0
Let l = 155631 + -99273. What is the tens digit of l?
5
Let u = -57 + 62. Suppose -17 = -2*k - 3*b - 65, -120 = u*k - 5*b. Let n = 152 + k. What is the units digit of n?
8
Let f = -19367 - -32713. What is the units digit of f?
6
What is the tens digit of (6/2)/((37/(-111))/((-4205)/3))?
1
Let x be (4/6 + 9884/(-12))*-1. Let s = x - 525. What is the tens digit of s?
9
Let b(x) = 49*x - 3. Suppose -5*u + 47 = 37. Suppose -4*k + 5*t + 9 = 0, -u*k + k = -3*t - 4. What is the units digit of b(k)?
6
Let b(x) = 0*x + 43 - 2*x - 51 + 44*x**2. What is the hundreds digit of b(4)?
6
Suppose 2*i - 406 = 2*m, 2*m + 469 = 3*i + 66. Let n be 3/(-12) + (-2326)/8. Let v = m - n. What is the units digit of v?
5
Let r(b) = 5*b - 3*b + 21*b**2 - 3 - 20*b**2. Let a be r(-3). Suppose -4*d = -j - 455, a*j - 2 = -2*j. What is the hundreds digit of d?
1
Let r(k) = 30*k - 181. Let l be r(6). Let a(b) = -887*b + 18. What is the units digit of a(l)?
5
What is the thousands digit of (-729 - 2)*(-3 + -32) + 14 + -18?
5
Suppose 1 = h - 1. Suppose 2*p = -4*q - h, p + q + 1 = -3. What is the tens digit of 83 + -6 + p - (4 + 0)?
6
Suppose t - 156 = 545. Suppose 34 = 3*l - t. Suppose 5*f + 0*u - 316 = -3*u, -4*f - 5*u + l = 0. What is the units digit of f?
5
Suppose 235*w = 251*w - 145792. What is the hundreds digit of w?
1
Let g(m) = -2*m**3 - 28*m**2 - 31*m + 16. Let n(p)